1545 composite?
False
Let i(v) = -v**2 + 9*v + 25. Let a be i(11). Let p(h) = 4*h**2 + a*h**2 + 11 + 3*h + 0*h - 8. Is p(4) composite?
False
Suppose -2*g - 83381 = -3*w, w - 27811 = -17*g + 22*g. Is w a composite number?
False
Suppose -17*v = -95 + 10. Suppose 5*q - c + v*c - 36305 = 0, 4*q - 29044 = -4*c. Is q a composite number?
True
Suppose 46161 = -5*f + 209646. Suppose f + 12588 = 5*r - 5*v, v = -5*r + 45273. Is r a composite number?
True
Let k(a) = -a**3 + 21*a**2 - 20*a + 2. Let y be k(20). Suppose c = -1 + 2, 2*c = y*j - 386. Is j composite?
True
Let x = 6 - 5. Let z(c) = 977*c**3 + 2*c**2 - 6*c + 4. Is z(x) composite?
False
Suppose 2*y - 12 = -y + 4*u, 2*u - 16 = -4*y. Suppose -2*l = y*k - l + 5, 5*k - l = 5. Suppose 7*w - 2252 - 1647 = k. Is w composite?
False
Suppose 0 = 18*o - 17*o + 4*n - 3369, -4*o + 13510 = -n. Is o prime?
False
Let l(g) = -7*g**3 - 4*g**2 + 6*g - 21. Let x(d) = -d**3 + d**2 + d - 1. Let w(i) = -l(i) + x(i). Is w(6) prime?
False
Let u(m) = 4*m**2 - 27*m - 785. Is u(-44) a prime number?
True
Suppose 7*t - 1943479 = 4*k, -163404 = -5*t - 3*k + 1224766. Is t a prime number?
True
Suppose -2856 = -475*t + 469*t. Suppose 520 + 116 = 4*k. Let q = t - k. Is q prime?
True
Suppose -1334*s - 28838280 = -1454*s. Is s a composite number?
False
Let i(v) = 39*v**3 - 2*v**2 - 57*v - 191. Is i(10) prime?
True
Suppose 3*j + 19*f - 17*f = 5063739, 4*f - 1687903 = -j. Is j a prime number?
False
Let c(g) = 9*g - 25. Let u be c(3). Suppose -h = u*z - 8465, 0 = -z + 5*z - 8. Is h composite?
False
Let p(j) = j**2 + 9*j + 24. Let h be p(-4). Suppose h*b + 2*z - 2942 = 0, -2*z = -2*b + b + 743. Is b composite?
True
Suppose -3*w + 18*w - 6*w - 90 = 0. Let i(n) be the third derivative of 3*n**5/20 - 5*n**4/24 - 11*n**3/6 + 2*n**2. Is i(w) prime?
True
Suppose v - 3121571 = -3*r - 1015543, r - 702035 = -4*v. Is r prime?
True
Let m(r) = 283819*r**2 - 215*r + 5. Is m(-1) composite?
True
Suppose -13*n + 52692 + 4625 = 0. Let l = n - 1360. Is l prime?
True
Let p(f) = 79*f**2 - 13*f + 9. Let x(c) = 80*c**2 - 13*c + 10. Let i(l) = 3*p(l) - 2*x(l). Is i(-8) a composite number?
False
Let l = 14 + -5. Let n be 9/(-15)*1 - (-56592)/45. Suppose -l = 3*j, 5*d + 2*j = n + 1522. Is d a composite number?
False
Let r(f) = 193*f**2 - 146*f - 5233. Is r(-60) a prime number?
False
Let i = 53850 + -87857. Let g = -7824 - i. Is g prime?
True
Let v be 2056431/156 + (-15)/12. Suppose v = 4*n + 5*k, 23*k - 28*k + 3284 = n. Is n a prime number?
True
Suppose -4*l = l + 5*a - 50, 4*a = -2*l + 30. Suppose 3*p - 3967 = -3*w + 1160, 3*p - l*w = 5103. Is p a prime number?
False
Let k(d) be the third derivative of -d**6/60 + d**5/60 + 5*d**4/24 + d**3/6 - 4*d**2 - d + 61. Let p = -8 + 3. Is k(p) composite?
False
Let z(y) = 1. Let a(q) = -4*q + 19. Let p(w) = -a(w) - 4*z(w). Let h be p(7). Suppose 9*n - 1148 = h*n. Is n a prime number?
False
Let y(i) = -3*i - 40. Let a be y(-16). Suppose -4 = 4*q + 4*n, 0 = 3*q - a*q - n - 1. Is ((-317)/(-2))/(q + 1/2) a prime number?
True
Let a(m) = m**3 - 23*m**2 - 4*m + 47. Let u be a(22). Is (-10)/4*(-15)/(u/(-14126)) composite?
False
Suppose -j - 6462 = -564. Is (j + (1 - 0))*(-71 + 70) composite?
False
Suppose g + 5*u + 3552 - 11506 = 0, 23851 = 3*g + 4*u. Is g a composite number?
False
Let z(s) = 8*s**2 + 65*s + 11. Let j be z(-8). Let q(k) = -k - 3. Let o be q(-7). Suppose o*p + 1167 + 276 = j*w, 0 = -w + 3*p + 481. Is w composite?
True
Let z(y) = -1535*y - 4. Let b(s) = -1534*s - 3. Let q(o) = 2*b(o) - 3*z(o). Is q(1) a prime number?
True
Suppose -4*d + 3641 = 893. Suppose -4*z = -5*w - d, -2*w = 2*z - 3*z + 168. Is z composite?
True
Let s(z) = 32*z + 6*z + 15 - 4*z**2 + 1 - 15*z. Let x be s(13). Let a = 1038 - x. Is a prime?
True
Let p(q) = q**3 - 18*q**2 + 33*q - 12. Let u be p(16). Suppose -4*g + 3*g + 583 = u*d, -1166 = -2*g + 4*d. Is g prime?
False
Let l(b) = -b**3 - b**2 - 4*b - 7. Let q be 3/(6/(-4)*1). Let f be l(q). Suppose 1679 = 3*z - 2*o, -3*o = z - f*z + 2240. Is z a composite number?
False
Let r(z) = 7*z**2 - 3*z**3 - 9 + 3 - 4*z**2 - 6*z**2 - 7*z. Is r(-3) composite?
True
Suppose 0 = 5*d + p - 998, -2*d = -6*d + 2*p + 804. Suppose 2213 + d = g. Is g a prime number?
False
Let n = -58909 + 111248. Let k = 90932 - n. Is k a prime number?
True
Let c(p) = -573*p - 224. Is c(-7) composite?
True
Let x(q) = 732137*q + 1929. Is x(2) composite?
False
Let s(i) = -38 - 60*i + 48*i - 129*i. Is s(-15) a prime number?
False
Let n be (1338/(-4))/((-57)/48 - -1). Let a = n + 695. Is a prime?
False
Let p(o) = 155*o**3 - 13*o**2 + o - 10. Let k be p(5). Suppose 1578*v = 1583*v - k. Is v prime?
False
Suppose 9*f + 9*f = 93744. Suppose 0 = 3*r - 5*r + 5*z + f, -5*z = r - 2619. Is r a prime number?
True
Suppose -423*t + 420*t + 46439 = -42448. Is t composite?
False
Suppose -212*c = -201*c - 924143. Is c a prime number?
False
Let v be ((-298)/(-1))/(2/58). Suppose 4276 = 6*s - v. Is s composite?
False
Let d = 695 - 690. Suppose 42495 = 3*n - 3*l, -d*n + 9*l - 5*l = -70825. Is n prime?
False
Suppose 4*j = -5*q + 2467473, 41*q - 987042 = 39*q + 5*j. Is q composite?
True
Let u(m) = m**2 + 11*m - 58. Let w be u(4). Is -2*w/4*-6349 a composite number?
True
Suppose 7*g = 6*g + 2. Suppose 4*j - 18 = g*j. Suppose j = -3*z, -r = 2*r + 4*z - 2151. Is r a composite number?
True
Suppose 5*g = -2*d + 83674, d - 2*d = -3*g + 50200. Suppose -54*j + 60*j = g. Is j a prime number?
True
Let r = 760 - 757. Suppose -3*z + 2*q = -6*z + 3575, 2*z + r*q - 2390 = 0. Is z a prime number?
False
Suppose 2*r = 13*r - 41947 - 35482. Is r prime?
True
Suppose -305354 - 1765739 = -29*j. Is j prime?
False
Let d = -49 - -59. Let k = -12 + d. Is k/((-8478)/(-2121) + -3 + -1) a composite number?
True
Let v = -3151 + 55914. Is v composite?
True
Let v = 31252 - 19817. Is v a prime number?
False
Let h be (0 - 1156/(-8))*26. Suppose 5*b - 2*i = i - 12726, 3*b - 3*i + 7638 = 0. Let u = b + h. Is u composite?
False
Let u(f) = 11*f**2 - 15*f + 47. Let v(o) = -5*o**2 + 8*o - 23. Let t(i) = -6*u(i) - 13*v(i). Let m be t(-15). Is ((-2)/(24/3147))/(m/(-8)) a prime number?
True
Suppose 4 = -h + 3*h. Suppose -10 = h*q + 2*a, -4*q - 6 = 5*a + 17. Is 58*6/(-18)*15/q a composite number?
True
Suppose -56 = 126*v - 133*v. Suppose -244 = v*l - 150924. Is l composite?
True
Let n(x) = 3*x**2 + 23*x - 2. Let s be n(-8). Is (-9650)/(-14) - s/21 prime?
False
Suppose 2*g - 2*b - 1065 + 107 = 0, 5*b - 1429 = -3*g. Let x(t) = 29*t - 9. Let k be x(-8). Let y = g + k. Is y composite?
True
Let z(m) = m**2 - m. Let g(o) be the second derivative of -289*o**4/3 - 2*o**3/3 - 3*o**2/2 - 30*o. Let w(c) = -g(c) + 5*z(c). Is w(1) composite?
False
Is -300148*(605/44 + -14) a prime number?
True
Let h(j) = 155*j**2 - 2*j + 7. Let a be h(-3). Let m be 3 + a/(-48)*(-6)/(-4). Let x = -7 - m. Is x composite?
True
Let q = 37217 + 3192. Is q a composite number?
True
Suppose -5*j - 9 = -8*j, 3*j - 5089 = 4*a. Let o(t) = 133*t**2 - t. Let c be o(-4). Let m = a + c. Is m composite?
True
Let d(v) = -579*v + 18. Let r be d(-13). Suppose 18*s + r = 70383. Is s a composite number?
False
Suppose -11*s + 43344 = -41444. Let o = 17997 - s. Is o prime?
True
Let o(d) = -2*d**2 + 7*d + 9. Let r be o(4). Let q be (-1 + r)*(-28)/(-8). Let b(v) = 16*v - 13. Is b(q) a prime number?
True
Suppose 2*b = 6*b - 6380. Let a = b + -806. Is a a composite number?
True
Suppose -341*c + 226*c = -258*c + 76573783. Is c prime?
True
Let s(n) = 9*n**2 + 32*n + 55. Let z be s(18). Let w = z + 2794. Is w a prime number?
False
Let r(s) = 53*s**2 + 63*s - 35. Is r(12) a prime number?
True
Suppose 0 = 17*f - 2*f - 533832 - 423513. Is f a composite number?
False
Let t(o) = o**2 + 11*o - 12. Let l be t(-12). Suppose l = -2*b + 14 - 8. Suppose -b*s - 283 = -4726. Is s composite?
False
Let f(b) be the third derivative of 29*b**5/30 + 2*b**4/3 - 5*b**3/6 + 42*b**2. Is f(6) a prime number?
True
Let q(x) = -50023*x - 256. Is q(-3) a prime number?
False
Let v(u) = 51*u**2 - 212*u - 542. Is v(63) composite?
True
Suppose -5*q + 6*g - 9*g = -20, 2*q = -4*g + 8. Suppose q*w = a + 16230, -4*w = -5*a + 2277 - 18515. Is w composite?
False
Let m = -49 - -52. Suppose 5*l - 3*b = m, -4*l - 1 = 2*b - 21. Suppose 4*r - 2*r + l*k = 646, 1569 = 5*r - 4*k. Is r a prime numbe